t is the hundred millions digit of 477078911?
4
What is the millions digit of 361026296?
1
What is the units digit of 15902943?
3
What is the ten thousands digit of 1732243981?
4
What is the tens digit of 1210079398?
9
What is the hundreds digit of 4452475?
4
What is the millions digit of 1330157444?
0
What is the tens digit of 779804220?
2
What is the thousands digit of 10696101?
6
What is the hundred millions digit of 151406480?
1
What is the tens digit of 4016884677?
7
What is the millions digit of 25301072?
5
What is the ten millions digit of 105706218?
0
What is the thousands digit of 161855429?
5
What is the tens digit of 778943219?
1
What is the thousands digit of 9942295?
2
What is the ten thousands digit of 46552170?
5
What is the ten millions digit of 433646293?
3
What is the millions digit of 5979438972?
9
What is the hundred thousands digit of 60325240?
3
What is the millions digit of 30955797?
0
What is the ten thousands digit of 47535216?
3
What is the ten millions digit of 249683486?
4
What is the tens digit of 15052583?
8
What is the thousands digit of 1324986388?
6
What is the thousands digit of 278790084?
0
What is the thousands digit of 82232457?
2
What is the hundred millions digit of 483895800?
4
What is the millions digit of 288746590?
8
What is the units digit of 80924957?
7
What is the hundred millions digit of 326224032?
3
What is the millions digit of 2111939996?
1
What is the units digit of 591706161?
1
What is the hundred thousands digit of 36470862?
4
What is the ten millions digit of 769801083?
6
What is the hundred thousands digit of 3187671845?
6
What is the ten millions digit of 947770051?
4
What is the hundred thousands digit of 1418301649?
3
What is the units digit of 849791882?
2
What is the hundreds digit of 2903497588?
5
What is the hundreds digit of 3954080?
0
What is the thousands digit of 51712336?
2
What is the hundred thousands digit of 1693959778?
9
What is the hundred thousands digit of 326829629?
8
What is the tens digit of 437726220?
2
What is the ten thousands digit of 78116?
7
What is the hundred thousands digit of 1503260111?
2
What is the tens digit of 661323?
2
What is the ten thousands digit of 5060344?
6
What is the ten thousands digit of 33251270?
5
What is the hundred thousands digit of 72836212?
8
What is the hundred thousands digit of 821919149?
9
What is the hundreds digit of 267929863?
8
What is the thousands digit of 270474013?
4
What is the ten millions digit of 356878859?
5
What is the hundred millions digit of 131129308?
1
What is the ten millions digit of 300467280?
0
What is the hundreds digit of 1830554428?
4
What is the hundred thousands digit of 46661691?
6
What is the ten thousands digit of 31139880?
3
What is the hundred thousands digit of 536889292?
8
What is the units digit of 105050784?
4
What is the ten millions digit of 8433664198?
3
What is the hundred millions digit of 6416599487?
4
What is the ten thousands digit of 42708417?
0
What is the hundred thousands digit of 565142435?
1
What is the millions digit of 1428104980?
8
What is the units digit of 696733924?
4
What is the millions digit of 3712831?
3
What is the ten thousands digit of 29988488?
8
What is the units digit of 1621060708?
8
What is the ten millions digit of 3699586138?
9
What is the hundreds digit of 992431888?
8
What is the ten thousands digit of 1864330568?
3
What is the hundreds digit of 735819876?
8
What is the units digit of 3913642?
2
What is the hundred millions digit of 2586066993?
5
What is the thousands digit of 829790415?
0
What is the thousands digit of 8989241?
9
What is the units digit of 538534311?
1
What is the hundred thousands digit of 36340762?
3
What is the hundred thousands digit of 152015773?
0
What is the hundreds digit of 105674747?
7
What is the hundred millions digit of 2226456285?
2
What is the hundred thousands digit of 100891095?
8
What is the hundreds digit of 374723386?
3
What is the ten millions digit of 869094334?
6
What is the millions digit of 4534983429?
4
What is the ten millions digit of 369589576?
6
What is the hundreds digit of 56901184?
1
What is the hundreds digit of 1569464924?
9
What is the millions digit of 196361917?
6
What is the thousands digit of 7487247?
7
What is the hundreds digit of 501065204?
2
What is the thousands digit of 744721432?
1
What is the ten thousands digit of 32790013?
9
What is the units digit of 35157988?
8
What is the ten thousands digit of 77191716?
9
What is the millions digit of 847628282?
7
What is the hundred thousands digit of 530795458?
7
What is the ten thousands digit of 175103465?
0
What is the ten thousands digit of 76707003?
0
What is the hundred millions digit of 113708823?
1
What is the tens digit of 2956457043?
4
What is the units digit of 50131300?
0
What is the tens digit of 127397685?
8
What is the hundred millions digit of 197335515?
1
What is the thousands digit of 7259297?
9
What is the ten thousands digit of 234180890?
8
What is the millions digit of 87873228?
7
What is the ten millions digit of 681573364?
8
What is the ten thousands digit of 35338164?
3
What is the thousands digit of 41498777?
8
What is the hundred thousands digit of 92875392?
8
What is the millions digit of 356025690?
6
What is the hundred thousands digit of 3875906?
8
What is the thousands digit of 1522426442?
6
What is the units digit of 44802460?
0
What is the hundred millions digit of 3226193259?
2
What is the ten millions digit of 61514447?
6
What is the tens digit of 55298954?
5
What is the units digit of 18895611?
1
What is the units digit of 18064676?
6
What is the thousands digit of 35648702?
8
What is the thousands digit of 7661444331?
4
What is the thousands digit of 160166565?
6
What is the hundreds digit of 127889517?
5
What is the thousands digit of 79845317?
5
What is the hundred millions digit of 3045426133?
0
What is the ten thousands digit of 60306123?
0
What is the hundreds digit of 84308797?
7
What is the hundred millions digit of 308281122?
3
What is the ten millions digit of 21399704?
2
What is the hundred millions digit of 473497373?
4
What is the thousands digit of 72242154?
2
What is the tens digit of 80838013?
1
What is the ten millions digit of 319477781?
1
What is the millions digit of 8878634?
8
What is the units digit of 2823608531?
1
What is the tens digit of 576311207?
0
What is the hundred millions digit of 231416921?
2
What is the millions digit of 4106347806?
6
What is the hundred thousands digit of 1133383692?
3
What is the tens digit of 9125719485?
8
What is the millions digit of 633225206?
3
What is the millions digit of 33515124?
3
What is the thousands digit of 3104642502?
2
What is the hundred millions digit of 282208927?
2
What is the hundred millions digit of 755932169?
7
What is the hundred thousands digit of 32102809?
1
What is the hundred millions digit of 510098398?
5
What is the units digit of 2901796255?
5
What is the ten millions digit of 33571249?
3
What is the units digit of 1635364328?
8
What is the tens digit of 41415916?
1
What is the millions digit of 45618672?
5
What is the hundred millions digit of 109506892?
1
What is the ten thousands digit of 729170?
2
What is the tens digit of 1031982525?
2
What is the hundreds digit of 161011011?
0
What is the ten millions digit of 1001074020?
0
What is the ten thousands digit of 1855629023?
2
What is the ten thousands digit of 42779898?
7
What is the ten thousands digit of 58223796?
2
What is the tens digit of 1031322456?
5
What is the ten millions digit of 225927023?
2
What is the millions digit of 7443942163?
3
What is the hundred thousands digit of 52934359?
9
What is the millions digit of 46449181?
6
What is the thousands digit of 4227807483?
7
What is the thousands digit of 133247508?
7
What is the ten thousands digit of 20734337?
3
What is the units digit of 47129881?
1
What is the hundred millions digit of 372895191?
3
What is the ten thousands digit of 98739814?
3
What is the billions digit of 1511112334?
1
What is the units digit of 348881499?
9
What is the hundred millions digit of 777041804?
7
What is the units digit of 377627294?
4
What is the ten thousands digit of 33510722?
1
What is the ten millions digit of 12533562?
1
What is